{"id":1398,"date":"2021-06-24T11:19:58","date_gmt":"2021-06-24T11:19:58","guid":{"rendered":"https:\/\/www.fveh.be\/?page_id=1398"},"modified":"2025-01-28T08:42:37","modified_gmt":"2025-01-28T08:42:37","slug":"page-daccueil-2","status":"publish","type":"page","link":"https:\/\/www.fveh.be\/?page_id=1398","title":{"rendered":"R\u00e8glement Brocante Silenrieux 2025"},"content":{"rendered":"<div id=\"pl-1398\"  class=\"panel-layout\" ><div id=\"pg-1398-0\"  class=\"panel-grid panel-no-style\" ><div id=\"pgc-1398-0-0\"  class=\"panel-grid-cell panel-grid-cell-empty\" ><\/div><\/div><div id=\"pg-1398-1\"  class=\"panel-grid panel-no-style\" ><div id=\"pgc-1398-1-0\"  class=\"panel-grid-cell\" ><div id=\"panel-1398-1-0-0\" class=\"so-panel widget widget_black-studio-tinymce widget_black_studio_tinymce panel-first-child panel-last-child\" data-index=\"0\" ><div class=\"textwidget\"><p><span style=\"color: #ffffff;\">.<\/span><br \/>\n<img loading=\"lazy\" decoding=\"async\" class=\"alignnone  wp-image-1659 aligncenter\" src=\"https:\/\/www.fveh.be\/wp-content\/uploads\/2023\/01\/Pub-Marche-Noel-2022-455x1024.jpg\" alt=\"\" width=\"244\" height=\"549\" srcset=\"https:\/\/www.fveh.be\/wp-content\/uploads\/2023\/01\/Pub-Marche-Noel-2022-455x1024.jpg 455w, https:\/\/www.fveh.be\/wp-content\/uploads\/2023\/01\/Pub-Marche-Noel-2022-133x300.jpg 133w, https:\/\/www.fveh.be\/wp-content\/uploads\/2023\/01\/Pub-Marche-Noel-2022-246x555.jpg 246w, https:\/\/www.fveh.be\/wp-content\/uploads\/2023\/01\/Pub-Marche-Noel-2022.jpg 472w\" sizes=\"auto, (max-width: 244px) 100vw, 244px\" \/><\/p>\n<p><img loading=\"lazy\" decoding=\"async\" class=\"wp-image-795 aligncenter\" src=\"https:\/\/www.fveh.be\/wp-content\/uploads\/2019\/07\/Vivacit\u00e9-New-Logo-300x96.png\" alt=\"\" width=\"247\" height=\"79\" srcset=\"https:\/\/www.fveh.be\/wp-content\/uploads\/2019\/07\/Vivacit\u00e9-New-Logo-300x96.png 300w, https:\/\/www.fveh.be\/wp-content\/uploads\/2019\/07\/Vivacit\u00e9-New-Logo-768x245.png 768w, https:\/\/www.fveh.be\/wp-content\/uploads\/2019\/07\/Vivacit\u00e9-New-Logo-1024x327.png 1024w, https:\/\/www.fveh.be\/wp-content\/uploads\/2019\/07\/Vivacit\u00e9-New-Logo-555x177.png 555w, https:\/\/www.fveh.be\/wp-content\/uploads\/2019\/07\/Vivacit\u00e9-New-Logo-1320x421.png 1320w\" sizes=\"auto, (max-width: 247px) 100vw, 247px\" \/><\/p>\n<\/div><\/div><\/div><div id=\"pgc-1398-1-1\"  class=\"panel-grid-cell\" ><div id=\"panel-1398-1-1-0\" class=\"so-panel widget widget_black-studio-tinymce widget_black_studio_tinymce panel-first-child\" data-index=\"1\" ><div class=\"textwidget\"><h2><img loading=\"lazy\" decoding=\"async\" class=\"alignnone size-large wp-image-1792\" src=\"https:\/\/www.fveh.be\/wp-content\/uploads\/2025\/01\/Brocante-2025-Banniere-1024x607.jpg\" alt=\"\" width=\"1024\" height=\"607\" srcset=\"https:\/\/www.fveh.be\/wp-content\/uploads\/2025\/01\/Brocante-2025-Banniere-1024x607.jpg 1024w, https:\/\/www.fveh.be\/wp-content\/uploads\/2025\/01\/Brocante-2025-Banniere-300x178.jpg 300w, https:\/\/www.fveh.be\/wp-content\/uploads\/2025\/01\/Brocante-2025-Banniere-768x455.jpg 768w, https:\/\/www.fveh.be\/wp-content\/uploads\/2025\/01\/Brocante-2025-Banniere-1536x910.jpg 1536w, https:\/\/www.fveh.be\/wp-content\/uploads\/2025\/01\/Brocante-2025-Banniere-2048x1213.jpg 2048w, https:\/\/www.fveh.be\/wp-content\/uploads\/2025\/01\/Brocante-2025-Banniere-555x329.jpg 555w\" sizes=\"auto, (max-width: 1024px) 100vw, 1024px\" \/><\/h2>\n<h3 style=\"text-align: center;\"><span style=\"text-decoration: underline; color: #ff0000;\"><strong>REGLEMENT DE LA BROCANTE DE SILENRIEUX<\/strong><\/span><\/h3>\n<p><b><span style=\"color: #ffffff;\">.<br \/>\n<\/span><\/b><span style=\"text-decoration: underline;\">Mise en oeuvre pratique pour les exposants<\/span> :<\/p>\n<ul>\n<li style=\"text-align: left;\"><strong>Un emplacement = Un module<\/strong>\n<ul>\n<li style=\"text-align: left;\">de <strong>5 m\u00e8tres de long X 3 m\u00e8tres de profondeur<\/strong><\/li>\n<li style=\"text-align: left;\">V\u00e9hicule plac\u00e9 en arri\u00e8re\n<ul>\n<li>Marquage au sol et num\u00e9rotation des emplacements.<\/li>\n<\/ul>\n<\/li>\n<\/ul>\n<\/li>\n<li style=\"text-align: left;\"><strong><a href=\"https:\/\/www.fveh.be\/wp-content\/uploads\/2021\/06\/Plan-Brocante.jpg\">Cliquez sur ce lien pour consulter le plan de la brocante.<\/a><\/strong><\/li>\n<li style=\"text-align: left;\"><strong>La r\u00e9servation<\/strong> des stands <strong>est OBLIGATOIRE p<\/strong><strong>ar t\u00e9l\u00e9phone au 0476\/ 41 38 25<\/strong>\n<ul>\n<li style=\"text-align: left;\"><strong>du lundi 9h00 au mercredi 19h00 !<\/strong><\/li>\n<li style=\"text-align: left;\"><strong>Pour une premi\u00e8re r\u00e9servation<\/strong>, le paiement est <strong>OBLIGATOIRE<\/strong> sur le compte bancaire de l'ASBL Foire Verte au <strong>BE25 3630 9200 8782<\/strong><\/li>\n<li style=\"text-align: left;\"><strong>Pour les exposants \"r\u00e9guliers\"<\/strong>, le paiement cash est possible.<\/li>\n<\/ul>\n<\/li>\n<li style=\"text-align: left;\">Si en tant qu'exposant, vous d\u00e9sirez une place fixe, il vous est <strong>possible de r\u00e9server un abonnement<\/strong> pour une p\u00e9riode minimum de 1 mois, renouvelable.<\/li>\n<li style=\"text-align: left;\"><strong>Nos tarifs <\/strong>sont de <strong>15,00 \u20ac <\/strong>par module <strong>pour les brocanteurs<\/strong> et de<strong> 22,50 \u20ac <\/strong>par module pour les<strong> maraichers.<\/strong><\/li>\n<li><strong>Accueil des exposants :\u00a0 de 06h00' \u00e0 08h00'<\/strong><\/li>\n<li style=\"text-align: left;\"><strong>L'horaire de la brocante : de 08h00' \u00e0 19h00'<\/strong><\/li>\n<\/ul>\n<p style=\"text-align: center;\"><span style=\"color: #ff0000;\"><strong>Nous vous attendons nombreux chaque dimanche.<\/strong><\/span><\/p>\n<p style=\"text-align: center;\"><strong><span style=\"color: #ff0000;\">Merci de votre compr\u00e9hension et \u00e0 bient\u00f4t.<\/span><\/strong><\/p>\n<\/div><\/div><div id=\"panel-1398-1-1-1\" class=\"so-panel widget widget_black-studio-tinymce widget_black_studio_tinymce panel-last-child\" data-index=\"2\" ><div class=\"textwidget\"><h3 style=\"text-align: center;\"><span style=\"color: #ff0000;\"><strong>DEMANDEZ-VOTRE CARTE DE FIDELITE EXPOSANT<\/strong><\/span><\/h3>\n<h4 style=\"text-align: center;\">Contact : Joseph DELWART au 0476 \/ 41 38 25 du lundi au mercredi, de 9h00' \u00e0 19h00'<\/h4>\n<p><img loading=\"lazy\" decoding=\"async\" class=\"aligncenter\" src=\"https:\/\/www.fveh.be\/wp-content\/uploads\/2020\/10\/Carte-Fidelite-Brocante.jpg\" alt=\"\" width=\"548\" height=\"309\" \/><\/p>\n<\/div><\/div><\/div><\/div><\/div>","protected":false},"excerpt":{"rendered":"<p>. REGLEMENT DE LA BROCANTE DE SILENRIEUX . Mise en oeuvre pratique pour les exposants : Un emplacement = Un module de 5 m\u00e8tres de long X 3 m\u00e8tres de profondeur V\u00e9hicule plac\u00e9 en arri\u00e8re Marquage au sol et num\u00e9rotation des emplacements. Cliquez sur ce lien pour consulter le plan de la brocante. La r\u00e9servation <a class=\"read-more-link\" href=\"https:\/\/www.fveh.be\/?page_id=1398\">Lire la suite&#8230;<\/a><\/p>\n","protected":false},"author":2,"featured_media":0,"parent":0,"menu_order":0,"comment_status":"closed","ping_status":"closed","template":"template-front-page-slider.php","meta":{"_acf_changed":false,"jetpack_post_was_ever_published":false,"footnotes":""},"class_list":["post-1398","page","type-page","status-publish","hentry"],"acf":[],"jetpack_sharing_enabled":true,"jetpack_shortlink":"https:\/\/wp.me\/PaRd9Q-my","_links":{"self":[{"href":"https:\/\/www.fveh.be\/index.php?rest_route=\/wp\/v2\/pages\/1398","targetHints":{"allow":["GET"]}}],"collection":[{"href":"https:\/\/www.fveh.be\/index.php?rest_route=\/wp\/v2\/pages"}],"about":[{"href":"https:\/\/www.fveh.be\/index.php?rest_route=\/wp\/v2\/types\/page"}],"author":[{"embeddable":true,"href":"https:\/\/www.fveh.be\/index.php?rest_route=\/wp\/v2\/users\/2"}],"replies":[{"embeddable":true,"href":"https:\/\/www.fveh.be\/index.php?rest_route=%2Fwp%2Fv2%2Fcomments&post=1398"}],"version-history":[{"count":17,"href":"https:\/\/www.fveh.be\/index.php?rest_route=\/wp\/v2\/pages\/1398\/revisions"}],"predecessor-version":[{"id":1796,"href":"https:\/\/www.fveh.be\/index.php?rest_route=\/wp\/v2\/pages\/1398\/revisions\/1796"}],"wp:attachment":[{"href":"https:\/\/www.fveh.be\/index.php?rest_route=%2Fwp%2Fv2%2Fmedia&parent=1398"}],"curies":[{"name":"wp","href":"https:\/\/api.w.org\/{rel}","templated":true}]}}