{"id":1362,"date":"2021-06-22T08:41:03","date_gmt":"2021-06-22T08:41:03","guid":{"rendered":"https:\/\/www.fveh.be\/?page_id=1362"},"modified":"2025-03-11T08:22:44","modified_gmt":"2025-03-11T08:22:44","slug":"foire-verte-de-leau-dheure-report-en-2022","status":"publish","type":"page","link":"https:\/\/www.fveh.be\/?page_id=1362","title":{"rendered":"ECO-Vitrine &#8211; Cerfontaire"},"content":{"rendered":"<div id=\"pl-1362\"  class=\"panel-layout\" ><div id=\"pg-1362-0\"  class=\"panel-grid panel-no-style\" ><div id=\"pgc-1362-0-0\"  class=\"panel-grid-cell\" ><div id=\"panel-1362-0-0-0\" class=\"so-panel widget widget_black-studio-tinymce widget_black_studio_tinymce panel-first-child panel-last-child\" data-index=\"0\" ><div class=\"textwidget\"><h4><span style=\"color: #ffffff;\">.<\/span><\/h4>\n<h5><strong>CANAL C <\/strong><br \/>\n<strong>18\/05\/2021<\/strong><br \/>\n<strong>Interview de Joseph DELWART<\/strong><\/h5>\n<hr \/>\n<p><iframe loading=\"lazy\"  style=\"display: block; margin: 0px auto;\"  id=\"_ytid_17230\"  width=\"250\" height=\"250\"  data-origwidth=\"250\" data-origheight=\"250\" src=\"https:\/\/www.youtube.com\/embed\/AL6oYwS739Q?enablejsapi=1&autoplay=1&cc_load_policy=0&iv_load_policy=3&loop=1&playlist=AL6oYwS739Q&fs=0&playsinline=0&controls=0&disablekb=0&color=red&cc_lang_pref=&rel=1&autohide=2&theme=dark&\" class=\"__youtube_prefs__  __youtube_prefs_widget__  no-lazyload\" title=\"YouTube player\"  allow=\"fullscreen; accelerometer; autoplay; clipboard-write; encrypted-media; gyroscope; picture-in-picture; web-share\" referrerpolicy=\"strict-origin-when-cross-origin\" allowfullscreen data-no-lazy=\"1\" data-skipgform_ajax_framebjll=\"\"><\/iframe><\/p>\n<p>&nbsp;<\/p>\n<p>&nbsp;<\/p>\n<p style=\"text-align: center;\">\n<\/div><\/div><\/div><div id=\"pgc-1362-0-1\"  class=\"panel-grid-cell\" ><div id=\"panel-1362-0-1-0\" class=\"so-panel widget widget_black-studio-tinymce widget_black_studio_tinymce panel-first-child panel-last-child\" data-index=\"1\" ><div class=\"textwidget\"><p style=\"text-align: justify;\"><span style=\"color: #ffffff;\">.<\/span><\/p>\n<h2><span style=\"text-decoration: underline;\"><strong>ECO-Vitrine<\/strong><\/span><\/h2>\n<p><span style=\"color: #ffffff;\">.<\/span><\/p>\n<h4 class=\"article__title\" style=\"text-align: justify;\"><strong><span style=\"text-decoration: underline;\">Contexte<\/span><\/strong><\/h4>\n<p>L\u2019ASBL Foire Verte poursuit son d\u00e9veloppement <u>en particulier sur le site de l\u2019Ecovitrine \u00e0 Cerfontaine<\/u>.<\/p>\n<p>L\u2019\u00e9quipe rajeunie induit \u00a0un nouvel \u00e9lan et une dynamique \u00ab \u00e9co-responsable \u00bb pour les activit\u00e9s existantes et pour les nouveaux projets.<span style=\"color: #ffffff;\">.<\/span><\/p>\n<h4 style=\"text-align: justify;\"><span style=\"text-decoration: underline;\"><strong>Objectifs<\/strong><\/span><\/h4>\n<p style=\"text-align: justify;\">C\u2019est autour de 3 axes prioritaires que sont \u00ab La Nature, Les Terroirs et Les Traditions \u00bb \u00a0que l\u2019ASBL \u00ab Foire Verte \u00bb d\u00e9ploie ses \u00a0activit\u00e9s tout au long de l\u2019ann\u00e9e !<\/p>\n<p style=\"text-align: justify;\">Il s\u2019agit d\u2019une part de l\u2019organisation \u00a0du \u00a0\u00ab\u00a0<strong>March\u00e9 du terroir et Brocante\u00a0<\/strong>\u00bb chaque dimanche, \u00e0 priori \u00e0 Silenrieux mais aussi <u>dor\u00e9navant et\u00a0 ponctuellement \u00e0 Cerfontaine, \u00e0 l\u2019occasion de WE th\u00e9matique <\/u>et d\u2019autre part\u00a0 de l\u2019organisation de la <strong>\u00ab\u00a0Foire verte<\/strong>\u00a0\u00bb \u00a0\u00e9v\u00e9nement majeur aux Lacs de l\u2019Eau d\u2019Heure, chaque 1<sup>er<\/sup> WE d\u2019ao\u00fbt\u00a0!<\/p>\n<p style=\"text-align: justify;\"><strong>Le march\u00e9 du terroir<\/strong> concoure \u00e0 valoriser les produits locaux de qualit\u00e9\u00a0 dont les produits BIO,\u00a0 la brocante favorise le recyclage, afin de participer et promouvoir l\u2019\u00e9conomie circulaire.<\/p>\n<p><span style=\"color: #ffffff;\">.<\/span><\/p>\n<h4 style=\"text-align: justify;\"><b><span style=\"text-decoration: underline;\">Les nouveaut\u00e9s se situent sur le site dit de <strong>\u00ab l\u2019Eco-vitrine<\/strong> \u00bb \u00e0 Cerfontaine<\/span>\u00a0<\/b><b>:<\/b><\/h4>\n<p style=\"text-align: justify;\">En effet, l\u2019ASBL \u00ab Foire Verte \u00bb a r\u00e9alis\u00e9 d\u2019importants investissements (pr\u00e8s de 100.000,00 EUR) au cours de ces derniers mois pour la r\u00e9alisation du \u00ab<strong>Sentier Nature<\/strong> <strong>de la rivi\u00e8re au lac<\/strong>\u00bb et la cr\u00e9ation d\u2019un <strong>verger didactique<\/strong>.<\/p>\n<p style=\"text-align: justify;\">Dores et d\u00e9j\u00e0, <strong>l\u2019observatoire des oiseaux<\/strong> au pied du Lac de Falemprise est termin\u00e9.<\/p>\n<p style=\"text-align: justify;\">Ces actions sont rendues possibles gr\u00e2ce \u00e0 la \u00ab\u00a0maitrise fonci\u00e8re\u00a0\u00bb progressivement acquise par l'ASBL \u00ab Foire Verte \u00bb\u00a0 aupr\u00e8s de la R\u00e9gion Wallonne, via un bail emphyt\u00e9otique de 30 ans\u00a0 de la part du SPW et un contrat avec le CGT.<\/p>\n<p style=\"text-align: justify;\">A noter que ces projets sont financ\u00e9s en fonds propres et gr\u00e2ce au sponsoring crois\u00e9 \u00ab public-priv\u00e9 \u00bb \u00ab SPW ARNE, Province de Namur, firme MBT en particulier \u00bb et le concours des Cercles Naturalistes de Belgique et de la F\u00e9d\u00e9ration Horticole de Wallonie.<\/p>\n<p style=\"text-align: justify;\">Remerciements \u00ab\u00a0aux Louvettes et aux PIOS \u00a0de l\u2019Unit\u00e9 St Materne de Walcourt\u00a0\u00bb\u00a0 qui ont \u0153uvr\u00e9 au nettoyage du site et \u00e0 la conception du \u00ab\u00a0Sentier Nature\u00a0\u00bb pour les panneaux didactiques et les jeux d\u2019animation \u00e0 d\u00e9couvrir ainsi que la plantation de nouvelles haies\u00a0!<\/p>\n<p><span style=\"color: #ffffff;\">.<\/span><\/p>\n<h4 style=\"text-align: justify;\"><b><span style=\"text-decoration: underline;\">D\u00e9couverte du site Eco-Vitrine<\/span>\u00a0:<\/b><\/h4>\n<p style=\"text-align: justify;\">L\u2019ensemble de ces nouveaux projets sera ouvert au public pour la saison estivale<strong>.<\/strong><\/p>\n<p style=\"text-align: justify;\">Ainsi donc, le site de \u00ab\u00a0l\u2019Eco-Vitrine\u00a0\u00bb avance vers l\u2019objectif d\u2019\u00eatre une activit\u00e9 touristique\u00a0 \u00ab\u00a0permanente\u00a0\u00bb sur le site des \u00ab\u00a0Lacs de l\u2019eau d\u2019heure\u00a0\u00bb \u2026 Promesse tenue\u00a0!<\/p>\n<p><span style=\"color: #ffffff;\">.<\/span><\/p>\n<h4 style=\"text-align: justify;\"><b><span style=\"text-decoration: underline;\">Objectifs futurs<\/span>\u00a0:<\/b><\/h4>\n<p style=\"text-align: justify;\">Sont \u00e0 l\u2019\u00e9tude pour le futur proche, la dynamisation de l\u2019Espace Tradition (mise en valeur des collections de l'ASBL du\u00a0 Mus\u00e9e de Cerfontaine) et la cr\u00e9ation d\u2019une boutique \u00ab nature \u00bb\u2026 et\u00a0 \u00e0 moyen terme la concr\u00e9tisation du \u00ab\u00a0<strong> Relais vert<\/strong> \u00bb \u2026 relais\u00a0 pour les \u00a0VTT( le site \u00e9tant id\u00e9alement situ\u00e9 \u00e0 la crois\u00e9e des 2 Ravels) et relais pour les balades \u00e9questres !<\/p>\n<p style=\"text-align: justify;\"><span style=\"color: #ffffff;\">.<\/span><\/p>\n<\/div><\/div><\/div><\/div><div id=\"pg-1362-1\"  class=\"panel-grid panel-no-style\" ><div id=\"pgc-1362-1-0\"  class=\"panel-grid-cell panel-grid-cell-empty panel-grid-cell-mobile-last\" ><\/div><div id=\"pgc-1362-1-1\"  class=\"panel-grid-cell panel-grid-cell-empty\" ><\/div><\/div><\/div>","protected":false},"excerpt":{"rendered":"<p>. CANAL C 18\/05\/2021 Interview de Joseph DELWART &nbsp; &nbsp; . ECO-Vitrine . Contexte L\u2019ASBL Foire Verte poursuit son d\u00e9veloppement en particulier sur le site de l\u2019Ecovitrine \u00e0 Cerfontaine. L\u2019\u00e9quipe rajeunie induit \u00a0un nouvel \u00e9lan et une dynamique \u00ab \u00e9co-responsable \u00bb pour les activit\u00e9s existantes et pour les nouveaux projets.. Objectifs C\u2019est autour de 3 <a class=\"read-more-link\" href=\"https:\/\/www.fveh.be\/?page_id=1362\">Lire la suite&#8230;<\/a><\/p>\n","protected":false},"author":2,"featured_media":0,"parent":0,"menu_order":0,"comment_status":"closed","ping_status":"closed","template":"template-builder-page.php","meta":{"_acf_changed":false,"footnotes":""},"class_list":["post-1362","page","type-page","status-publish","hentry"],"acf":[],"jetpack_sharing_enabled":true,"jetpack_shortlink":"https:\/\/wp.me\/PaRd9Q-lY","_links":{"self":[{"href":"https:\/\/www.fveh.be\/index.php?rest_route=\/wp\/v2\/pages\/1362","targetHints":{"allow":["GET"]}}],"collection":[{"href":"https:\/\/www.fveh.be\/index.php?rest_route=\/wp\/v2\/pages"}],"about":[{"href":"https:\/\/www.fveh.be\/index.php?rest_route=\/wp\/v2\/types\/page"}],"author":[{"embeddable":true,"href":"https:\/\/www.fveh.be\/index.php?rest_route=\/wp\/v2\/users\/2"}],"replies":[{"embeddable":true,"href":"https:\/\/www.fveh.be\/index.php?rest_route=%2Fwp%2Fv2%2Fcomments&post=1362"}],"version-history":[{"count":9,"href":"https:\/\/www.fveh.be\/index.php?rest_route=\/wp\/v2\/pages\/1362\/revisions"}],"predecessor-version":[{"id":1838,"href":"https:\/\/www.fveh.be\/index.php?rest_route=\/wp\/v2\/pages\/1362\/revisions\/1838"}],"wp:attachment":[{"href":"https:\/\/www.fveh.be\/index.php?rest_route=%2Fwp%2Fv2%2Fmedia&parent=1362"}],"curies":[{"name":"wp","href":"https:\/\/api.w.org\/{rel}","templated":true}]}}