{"id":1106,"date":"2019-11-08T14:13:55","date_gmt":"2019-11-08T14:13:55","guid":{"rendered":"http:\/\/fveh.be\/?page_id=1106"},"modified":"2023-10-19T06:45:01","modified_gmt":"2023-10-19T06:45:01","slug":"qui-sommes-nous-3-2-2","status":"publish","type":"page","link":"https:\/\/www.fveh.be\/?page_id=1106","title":{"rendered":"Espace Exposants \u00ab\u00a0March\u00e9 de No\u00ebl\u00a0\u00bb"},"content":{"rendered":"<div id=\"pl-1106\"  class=\"panel-layout\" ><div id=\"pg-1106-0\"  class=\"panel-grid panel-no-style\" ><div id=\"pgc-1106-0-0\"  class=\"panel-grid-cell panel-grid-cell-empty\" ><\/div><\/div><div id=\"pg-1106-1\"  class=\"panel-grid panel-no-style\" ><div id=\"pgc-1106-1-0\"  class=\"panel-grid-cell\" ><div id=\"panel-1106-1-0-0\" class=\"so-panel widget widget_black-studio-tinymce widget_black_studio_tinymce panel-first-child panel-last-child\" data-index=\"0\" ><div class=\"textwidget\"><p style=\"text-align: center;\"><span style=\"font-size: 14pt;\">Vous souhaitez participer \u00e0 notre March\u00e9 de No\u00ebl en tant qu'exposant ?<br \/>\n<strong>Ne tardez pas...\u00a0 Le compte \u00e0 rebours a commenc\u00e9 !<\/strong><\/span><br \/>\n<span style=\"font-size: 14pt;\">Nous esp\u00e9rons vous voir bient\u00f4t et sommes bien entendu \u00e0 votre dispositions pour d'autres \u00e9ventuelles informations.<\/span><\/p>\n<\/div><\/div><\/div><\/div><div id=\"pg-1106-2\"  class=\"panel-grid panel-no-style\" ><div id=\"pgc-1106-2-0\"  class=\"panel-grid-cell\" ><div id=\"panel-1106-2-0-0\" class=\"so-panel widget widget_black-studio-tinymce widget_black_studio_tinymce panel-first-child\" data-index=\"1\" ><div class=\"textwidget\"><p style=\"text-align: center;\"><img loading=\"lazy\" decoding=\"async\" class=\"alignnone size-medium wp-image-1108\" src=\"https:\/\/www.fveh.be\/wp-content\/uploads\/2019\/11\/P\u00e8re-Noel-300x169.png\" alt=\"\" width=\"300\" height=\"169\" srcset=\"https:\/\/www.fveh.be\/wp-content\/uploads\/2019\/11\/P\u00e8re-Noel-300x169.png 300w, https:\/\/www.fveh.be\/wp-content\/uploads\/2019\/11\/P\u00e8re-Noel-768x432.png 768w, https:\/\/www.fveh.be\/wp-content\/uploads\/2019\/11\/P\u00e8re-Noel-1024x576.png 1024w, https:\/\/www.fveh.be\/wp-content\/uploads\/2019\/11\/P\u00e8re-Noel-848x480.png 848w, https:\/\/www.fveh.be\/wp-content\/uploads\/2019\/11\/P\u00e8re-Noel-360x202.png 360w, https:\/\/www.fveh.be\/wp-content\/uploads\/2019\/11\/P\u00e8re-Noel-555x312.png 555w, https:\/\/www.fveh.be\/wp-content\/uploads\/2019\/11\/P\u00e8re-Noel-1320x743.png 1320w, https:\/\/www.fveh.be\/wp-content\/uploads\/2019\/11\/P\u00e8re-Noel.png 1920w\" sizes=\"auto, (max-width: 300px) 100vw, 300px\" \/><\/p>\n<h4 style=\"text-align: center;\"><strong>D\u00e9cembre 2023<\/strong><\/h4>\n<\/div><\/div><div id=\"panel-1106-2-0-1\" class=\"so-panel widget widget_countdowntimer CountDownTimer\" data-index=\"2\" ><div id=\"widget-2-0-1-countdown\" class=\"tminus_countdown\" style=\"width:auto; height:auto;\"><div class=\"c-3po-countdown omitweeks\"><div id=\"widget-2-0-1-tophtml\" class=\"c-3po-tophtml\"><\/div><div id=\"widget-2-0-1-dashboard\" class=\"c-3po-dashboard\"><div class=\"c-3po-tripdash c-3po-days_trip_dash\"><div class=\"c-3po-dash_title\">days<\/div><div class=\"c-3po-digit\">0<\/div><div class=\"c-3po-digit\">-86<\/div><div class=\"c-3po-digit\">-7<\/div><\/div><div class=\"c-3po-dash c-3po-hours_dash\"><div class=\"c-3po-dash_title\">hours<\/div><div class=\"c-3po-digit\">-1<\/div><div class=\"c-3po-digit\">-5<\/div><\/div><div class=\"c-3po-dash c-3po-minutes_dash\"><div class=\"c-3po-dash_title\">minutes<\/div><div class=\"c-3po-digit\">-4<\/div><div class=\"c-3po-digit\">-6<\/div><\/div><div class=\"c-3po-dash c-3po-seconds_dash\"><div class=\"c-3po-dash_title\">seconds<\/div><div class=\"c-3po-digit\">-3<\/div><div class=\"c-3po-digit\">0<\/div><\/div><\/div><div id=\"widget-2-0-1-bothtml\" class=\"c-3po-bothtml\"><\/div><\/div><\/div><\/div><div id=\"panel-1106-2-0-2\" class=\"so-panel widget widget_black-studio-tinymce widget_black_studio_tinymce panel-last-child\" data-index=\"3\" ><div class=\"textwidget\"><p style=\"text-align: center;\"><a href=\"https:\/\/www.fveh.be\/?page_id=1086\" target=\"_blank\" rel=\"noopener\">R\u00e9servez Votre Emplacement !<\/a><\/p>\n<p style=\"text-align: center;\"><a href=\"https:\/\/www.fveh.be\/?page_id=1100\" target=\"_blank\" rel=\"noopener\">Conditions G\u00e9n\u00e9rales de Participation<\/a><\/p>\n<p style=\"text-align: center;\"><a href=\"https:\/\/www.fveh.be\/?page_id=1090\" target=\"_blank\" rel=\"noopener\">Tarification \"March\u00e9 de No\u00ebl\"<\/a><\/p>\n<\/div><\/div><\/div><\/div><\/div>","protected":false},"excerpt":{"rendered":"<p>Vous souhaitez participer \u00e0 notre March\u00e9 de No\u00ebl en tant qu&rsquo;exposant ? Ne tardez pas&#8230;\u00a0 Le compte \u00e0 rebours a commenc\u00e9 ! Nous esp\u00e9rons vous voir bient\u00f4t et sommes bien entendu \u00e0 votre dispositions pour d&rsquo;autres \u00e9ventuelles informations.<\/p>\n","protected":false},"author":2,"featured_media":0,"parent":0,"menu_order":0,"comment_status":"closed","ping_status":"closed","template":"template-builder-page.php","meta":{"_acf_changed":false,"jetpack_post_was_ever_published":false,"footnotes":""},"class_list":["post-1106","page","type-page","status-publish","hentry"],"acf":[],"jetpack_sharing_enabled":true,"jetpack_shortlink":"https:\/\/wp.me\/PaRd9Q-hQ","_links":{"self":[{"href":"https:\/\/www.fveh.be\/index.php?rest_route=\/wp\/v2\/pages\/1106","targetHints":{"allow":["GET"]}}],"collection":[{"href":"https:\/\/www.fveh.be\/index.php?rest_route=\/wp\/v2\/pages"}],"about":[{"href":"https:\/\/www.fveh.be\/index.php?rest_route=\/wp\/v2\/types\/page"}],"author":[{"embeddable":true,"href":"https:\/\/www.fveh.be\/index.php?rest_route=\/wp\/v2\/users\/2"}],"replies":[{"embeddable":true,"href":"https:\/\/www.fveh.be\/index.php?rest_route=%2Fwp%2Fv2%2Fcomments&post=1106"}],"version-history":[{"count":10,"href":"https:\/\/www.fveh.be\/index.php?rest_route=\/wp\/v2\/pages\/1106\/revisions"}],"predecessor-version":[{"id":1618,"href":"https:\/\/www.fveh.be\/index.php?rest_route=\/wp\/v2\/pages\/1106\/revisions\/1618"}],"wp:attachment":[{"href":"https:\/\/www.fveh.be\/index.php?rest_route=%2Fwp%2Fv2%2Fmedia&parent=1106"}],"curies":[{"name":"wp","href":"https:\/\/api.w.org\/{rel}","templated":true}]}}