{"id":1090,"date":"2019-11-08T13:45:52","date_gmt":"2019-11-08T13:45:52","guid":{"rendered":"http:\/\/fveh.be\/?page_id=1090"},"modified":"2025-01-28T08:50:50","modified_gmt":"2025-01-28T08:50:50","slug":"foire-verte-de-leau-dheure-conditions-generales-de-participation-2-2-2","status":"publish","type":"page","link":"https:\/\/www.fveh.be\/?page_id=1090","title":{"rendered":"Tarification \u00ab\u00a0March\u00e9 de No\u00ebl\u00a0\u00bb"},"content":{"rendered":"<div id=\"pl-1090\"  class=\"panel-layout\" ><div id=\"pg-1090-0\"  class=\"panel-grid panel-no-style\" ><div id=\"pgc-1090-0-0\"  class=\"panel-grid-cell panel-grid-cell-empty panel-grid-cell-mobile-last\" ><\/div><div id=\"pgc-1090-0-1\"  class=\"panel-grid-cell panel-grid-cell-empty\" ><\/div><\/div><div id=\"pg-1090-1\"  class=\"panel-grid panel-no-style\" ><div id=\"pgc-1090-1-0\"  class=\"panel-grid-cell\" ><div id=\"panel-1090-1-0-0\" class=\"so-panel widget widget_black-studio-tinymce widget_black_studio_tinymce panel-first-child panel-last-child\" data-index=\"0\" ><div class=\"textwidget\"><p><img loading=\"lazy\" decoding=\"async\" class=\"alignnone size-full wp-image-274\" src=\"https:\/\/www.fveh.be\/wp-content\/uploads\/2019\/03\/Eco-Responsable.jpg\" alt=\"\" width=\"272\" height=\"220\" \/><\/p>\n<p style=\"text-align: center;\"><span style=\"text-decoration: underline;\"><strong>Des \u00e9v\u00e9nements \"ECO-RESPONSABLE\"<\/strong><\/span><\/p>\n<p style=\"text-align: center;\"><a href=\"https:\/\/www.fveh.be\/?page_id=1086\" target=\"_blank\" rel=\"noopener\"><span style=\"font-size: 12pt;\">Vers le Formulaire de Participation<\/span><\/a><\/p>\n<p style=\"text-align: center;\"><a href=\"https:\/\/www.fveh.be\/?page_id=1100\" target=\"_blank\" rel=\"noopener\"><span style=\"font-size: 12pt;\">Vers les Conditions de Participation<\/span><\/a><\/p>\n<\/div><\/div><\/div><div id=\"pgc-1090-1-1\"  class=\"panel-grid-cell\" ><div id=\"panel-1090-1-1-0\" class=\"so-panel widget widget_black-studio-tinymce widget_black_studio_tinymce panel-first-child panel-last-child\" data-index=\"1\" ><div class=\"textwidget\"><h3><span style=\"text-decoration: underline;\"><strong>Tarification<\/strong><\/span><\/h3>\n<p>&nbsp;<\/p>\n<ul>\n<li><strong>Les tarifs ci-dessous sont hors T.V.A. et sont \u00e9tablis par modules de 3 m\u00e8tres.<\/strong><\/li>\n<li><strong>Tarifs particuliers \u00e0 convenir pour exclusivit\u00e9, bars, friteries, glace, etc...\u00a0<\/strong><\/li>\n<\/ul>\n<p>&nbsp;<\/p>\n<table class=\" aligncenter\" style=\"height: 140px; width: 859px;\">\n<tbody>\n<tr style=\"height: 40px;\">\n<td style=\"width: 172.8px; height: 40px; border-style: solid; border-color: #050000; text-align: center; vertical-align: middle; background-color: #94e3e0;\">March\u00e9 de No\u00ebl<\/td>\n<td style=\"width: 148.8px; height: 40px; border-style: solid; border-color: #050000; text-align: center; vertical-align: middle; background-color: #94e3e0;\">\"Artisans\"<br \/>\nStands int\u00e9rieurs Salle<br \/>\n40,00 EUR<\/td>\n<td style=\"width: 171.2px; height: 40px; border-style: solid; border-color: #050000; text-align: center; vertical-align: middle; background-color: #94e3e0;\">Taille : A DEFINIR par<br \/>\nmodule de 2 \/ 3 m\u00e8tres<br \/>\nUne table et une chaise<\/td>\n<td style=\"width: 166.4px; border-style: solid; text-align: center; vertical-align: middle; background-color: #94e3e0; border-color: #030202; height: 40px;\">\"HORECA\"<br \/>\nEn Ext\u00e9rieur<br \/>\n75,00 EUR<\/td>\n<td style=\"width: 169.6px; height: 40px; border-style: solid; text-align: center; vertical-align: middle; background-color: #94e3e0; border-color: #030202;\">\u00a0 Taille : A DEFINIR par<br \/>\nmodule de 3 X 3 m\u00e8tres<\/td>\n<\/tr>\n<tr>\n<td style=\"width: 172.8px; border-style: solid; text-align: center; vertical-align: middle; background-color: #f29def; border-color: #050505; height: 40px;\">Infos compl\u00e9mentaires<\/td>\n<td style=\"width: 672.8px; border-style: solid; text-align: center; vertical-align: middle; background-color: #f29def; border-color: #050505; height: 40px;\" colspan=\"4\">Informations : Chez JOSEPH 0476 413 825<\/td>\n<\/tr>\n<\/tbody>\n<\/table>\n<p>&nbsp;<\/p>\n<\/div><\/div><\/div><\/div><\/div>","protected":false},"excerpt":{"rendered":"<p>Des \u00e9v\u00e9nements \u00ab\u00a0ECO-RESPONSABLE\u00a0\u00bb Vers le Formulaire de Participation Vers les Conditions de Participation Tarification &nbsp; Les tarifs ci-dessous sont hors T.V.A. et sont \u00e9tablis par modules de 3 m\u00e8tres. Tarifs particuliers \u00e0 convenir pour exclusivit\u00e9, bars, friteries, glace, etc&#8230;\u00a0 &nbsp; March\u00e9 de No\u00ebl \u00ab\u00a0Artisans\u00a0\u00bb Stands int\u00e9rieurs Salle 40,00 EUR Taille : A DEFINIR par module <a class=\"read-more-link\" href=\"https:\/\/www.fveh.be\/?page_id=1090\">Lire la suite&#8230;<\/a><\/p>\n","protected":false},"author":2,"featured_media":0,"parent":333,"menu_order":0,"comment_status":"closed","ping_status":"closed","template":"template-builder-page.php","meta":{"_acf_changed":false,"jetpack_post_was_ever_published":false,"footnotes":""},"class_list":["post-1090","page","type-page","status-publish","hentry"],"acf":[],"jetpack_sharing_enabled":true,"jetpack_shortlink":"https:\/\/wp.me\/PaRd9Q-hA","_links":{"self":[{"href":"https:\/\/www.fveh.be\/index.php?rest_route=\/wp\/v2\/pages\/1090","targetHints":{"allow":["GET"]}}],"collection":[{"href":"https:\/\/www.fveh.be\/index.php?rest_route=\/wp\/v2\/pages"}],"about":[{"href":"https:\/\/www.fveh.be\/index.php?rest_route=\/wp\/v2\/types\/page"}],"author":[{"embeddable":true,"href":"https:\/\/www.fveh.be\/index.php?rest_route=\/wp\/v2\/users\/2"}],"replies":[{"embeddable":true,"href":"https:\/\/www.fveh.be\/index.php?rest_route=%2Fwp%2Fv2%2Fcomments&post=1090"}],"version-history":[{"count":11,"href":"https:\/\/www.fveh.be\/index.php?rest_route=\/wp\/v2\/pages\/1090\/revisions"}],"predecessor-version":[{"id":1799,"href":"https:\/\/www.fveh.be\/index.php?rest_route=\/wp\/v2\/pages\/1090\/revisions\/1799"}],"up":[{"embeddable":true,"href":"https:\/\/www.fveh.be\/index.php?rest_route=\/wp\/v2\/pages\/333"}],"wp:attachment":[{"href":"https:\/\/www.fveh.be\/index.php?rest_route=%2Fwp%2Fv2%2Fmedia&parent=1090"}],"curies":[{"name":"wp","href":"https:\/\/api.w.org\/{rel}","templated":true}]}}