{"id":1086,"date":"2019-11-08T13:40:38","date_gmt":"2019-11-08T13:40:38","guid":{"rendered":"http:\/\/fveh.be\/?page_id=1086"},"modified":"2023-10-19T07:46:22","modified_gmt":"2023-10-19T07:46:22","slug":"qui-sommes-nous-2-2-2-2","status":"publish","type":"page","link":"https:\/\/www.fveh.be\/?page_id=1086","title":{"rendered":"R\u00e9servation d&rsquo;un Stand \u00ab\u00a0March\u00e9 de No\u00ebl\u00a0\u00bb"},"content":{"rendered":"<div id=\"pl-1086\"  class=\"panel-layout\" ><div id=\"pg-1086-0\"  class=\"panel-grid panel-no-style\" ><div id=\"pgc-1086-0-0\"  class=\"panel-grid-cell panel-grid-cell-empty panel-grid-cell-mobile-last\" ><\/div><div id=\"pgc-1086-0-1\"  class=\"panel-grid-cell panel-grid-cell-empty\" ><\/div><\/div><div id=\"pg-1086-1\"  class=\"panel-grid panel-no-style\" ><div id=\"pgc-1086-1-0\"  class=\"panel-grid-cell\" ><div id=\"panel-1086-1-0-0\" class=\"so-panel widget widget_black-studio-tinymce widget_black_studio_tinymce panel-first-child panel-last-child\" data-index=\"0\" ><div class=\"textwidget\"><p>&nbsp;<\/p>\n<p><img loading=\"lazy\" decoding=\"async\" class=\"alignnone wp-image-200 aligncenter\" src=\"https:\/\/www.fveh.be\/wp-content\/uploads\/2019\/03\/R\u00e9servation-Stand-300x208.jpg\" alt=\"\" width=\"244\" height=\"169\" srcset=\"https:\/\/www.fveh.be\/wp-content\/uploads\/2019\/03\/R\u00e9servation-Stand-300x208.jpg 300w, https:\/\/www.fveh.be\/wp-content\/uploads\/2019\/03\/R\u00e9servation-Stand.jpg 323w\" sizes=\"auto, (max-width: 244px) 100vw, 244px\" \/><\/p>\n<p>&nbsp;<\/p>\n<p style=\"text-align: center;\"><a href=\"https:\/\/www.fveh.be\/?page_id=1100\" target=\"_blank\" rel=\"noopener\"><span style=\"font-size: 12pt;\">Vers les Conditions G\u00e9n\u00e9rales<\/span><\/a><\/p>\n<p style=\"text-align: center;\"><a href=\"https:\/\/www.fveh.be\/?page_id=1090\" target=\"_blank\" rel=\"noopener\"><span style=\"font-size: 12pt;\">Vers le Tarif<\/span><\/a><\/p>\n<\/div><\/div><\/div><div id=\"pgc-1086-1-1\"  class=\"panel-grid-cell\" ><div id=\"panel-1086-1-1-0\" class=\"so-panel widget widget_black-studio-tinymce widget_black_studio_tinymce panel-first-child panel-last-child\" data-index=\"1\" ><div class=\"panel-widget-style panel-widget-style-for-1086-1-1-0\" ><div class=\"textwidget\"><h6><span style=\"color: #ffffff;\">.<\/span><\/h6>\n<h3>R\u00e9servez sans tarder votre emplacement (stand) \u00e0 l'aide du formulaire de r\u00e9servation.<\/h3>\n<p><span style=\"font-size: 12pt;\"><strong>T\u00e9l\u00e9chargez le formulaire de r\u00e9servation en suivant ce lien :<\/strong><\/span><\/p>\n<p><span style=\"font-size: 12pt;\"><strong><a href=\"https:\/\/www.fveh.be\/wp-content\/uploads\/2023\/10\/Formulaire-Reservation-Marche-Noel-2023.pdf\" target=\"_blank\" rel=\"noopener\">Formulaire R\u00e9servation March\u00e9 Noel 2023<\/a><\/strong><\/span><\/p>\n<p><span style=\"text-decoration: underline;\"><span style=\"color: #ff0000; text-decoration: underline;\">Merci de tenir compte des remarques importantes ci-dessous !<\/span><\/span><\/p>\n<p><span style=\"text-decoration: underline;\">Pour les stands int\u00e9rieurs<\/span> :<\/p>\n<ul>\n<li>Except\u00e9 vente de boisson et de nourriture au d\u00e9tail, avec consomm\u00e9e sur place<\/li>\n<li>Une caution de 10 \u20ac est demand\u00e9e pour respect de l\u2019horaire et propret\u00e9 du stand<\/li>\n<li>Pas de d\u00e9part avant 18 h\u00a0!<\/li>\n<li>Stand avec tonnelle d\u00e9cor\u00e9e et \u00e9clair\u00e9e souhait\u00e9.<\/li>\n<\/ul>\n<p><span style=\"text-decoration: underline;\">Pour les stands ext\u00e9rieurs Horeca<\/span> :<\/p>\n<ul>\n<li>Type de produits et exclusivit\u00e9 \u00e0 convenir, + suppl\u00e9ment pour \u00e9lectricit\u00e9 selon usage<\/li>\n<\/ul>\n<p style=\"color: red;\"><strong><span style=\"font-size: 12pt;\">Compl\u00e9tez le formulaire et renvoyez le soit par courrier au si\u00e8ge de notre ASBL,<\/span><\/strong><br \/>\n<strong><span style=\"font-size: 12pt;\">ou par e-mail \u00e0 l'adresse suivante :<\/span><\/strong><br \/>\n<strong><span style=\"font-size: 12pt;\"><a title=\"E-mail ASBL\" href=\"mailto:ferme.tilleul@gmail.com\" target=\"_blank\" rel=\"noopener\">ferme.tilleul@gmail.com<\/a><\/span><\/strong><br \/>\n<strong><span style=\"color: #ffffff;\">.<\/span><\/strong><\/p>\n<p><strong><span style=\"color: #ff0000;\"><span style=\"font-size: 12pt;\">Le paiement de votre emplacement devra se faire sur notre compte bancaire suivant :<\/span><br \/>\n<span style=\"color: #0000ff;\"><span style=\"color: #3366ff; font-size: 12pt;\">I.N.G. - BE25 3630 9200 8782<\/span><br \/>\n<\/span><span style=\"color: #ffffff;\">.<\/span><\/span><\/strong><\/p>\n<p><span style=\"font-size: 12pt;\"><strong>Pour plus d'informations, n'h\u00e9sitez pas \u00e0 appeler Marie-Christine au 0496.47.25.98<\/strong><\/span><\/p>\n<\/div><\/div><\/div><\/div><\/div><\/div>","protected":false},"excerpt":{"rendered":"<p>&nbsp; &nbsp; Vers les Conditions G\u00e9n\u00e9rales Vers le Tarif . R\u00e9servez sans tarder votre emplacement (stand) \u00e0 l&rsquo;aide du formulaire de r\u00e9servation. T\u00e9l\u00e9chargez le formulaire de r\u00e9servation en suivant ce lien : Formulaire R\u00e9servation March\u00e9 Noel 2023 Merci de tenir compte des remarques importantes ci-dessous ! Pour les stands int\u00e9rieurs : Except\u00e9 vente de boisson <a class=\"read-more-link\" href=\"https:\/\/www.fveh.be\/?page_id=1086\">Lire la suite&#8230;<\/a><\/p>\n","protected":false},"author":2,"featured_media":0,"parent":333,"menu_order":0,"comment_status":"closed","ping_status":"closed","template":"template-builder-page.php","meta":{"_acf_changed":false,"footnotes":""},"class_list":["post-1086","page","type-page","status-publish","hentry"],"acf":[],"jetpack_sharing_enabled":true,"jetpack_shortlink":"https:\/\/wp.me\/PaRd9Q-hw","_links":{"self":[{"href":"https:\/\/www.fveh.be\/index.php?rest_route=\/wp\/v2\/pages\/1086","targetHints":{"allow":["GET"]}}],"collection":[{"href":"https:\/\/www.fveh.be\/index.php?rest_route=\/wp\/v2\/pages"}],"about":[{"href":"https:\/\/www.fveh.be\/index.php?rest_route=\/wp\/v2\/types\/page"}],"author":[{"embeddable":true,"href":"https:\/\/www.fveh.be\/index.php?rest_route=\/wp\/v2\/users\/2"}],"replies":[{"embeddable":true,"href":"https:\/\/www.fveh.be\/index.php?rest_route=%2Fwp%2Fv2%2Fcomments&post=1086"}],"version-history":[{"count":16,"href":"https:\/\/www.fveh.be\/index.php?rest_route=\/wp\/v2\/pages\/1086\/revisions"}],"predecessor-version":[{"id":1685,"href":"https:\/\/www.fveh.be\/index.php?rest_route=\/wp\/v2\/pages\/1086\/revisions\/1685"}],"up":[{"embeddable":true,"href":"https:\/\/www.fveh.be\/index.php?rest_route=\/wp\/v2\/pages\/333"}],"wp:attachment":[{"href":"https:\/\/www.fveh.be\/index.php?rest_route=%2Fwp%2Fv2%2Fmedia&parent=1086"}],"curies":[{"name":"wp","href":"https:\/\/api.w.org\/{rel}","templated":true}]}}